
8
What is the remainder when 76580 is divided by 608?
580
What is the remainder when 31101 is divided by 3?
0
Calculate the remainder when 2241 is divided by 381.
336
What is the remainder when 39059 is divided by 1092?
839
What is the remainder when 114839 is divided by 1852?
15
Calculate the remainder when 12042 is divided by 506.
404
Calculate the remainder when 1577811 is divided by 8.
3
What is the remainder when 142183 is divided by 71087?
9
What is the remainder when 9735 is divided by 551?
368
What is the remainder when 10029 is divided by 754?
227
Calculate the remainder when 3812 is divided by 3803.
9
What is the remainder when 3466 is divided by 286?
34
Calculate the remainder when 78554 is divided by 6.
2
What is the remainder when 2500 is divided by 17?
1
What is the remainder when 26051 is divided by 2584?
211
What is the remainder when 5193 is divided by 4?
1
Calculate the remainder when 4547 is divided by 53.
42
What is the remainder when 246303 is divided by 37?
31
Calculate the remainder when 1169 is divided by 630.
539
Calculate the remainder when 41658 is divided by 53.
0
What is the remainder when 488844 is divided by 7?
6
Calculate the remainder when 312 is divided by 52.
0
What is the remainder when 305588 is divided by 107?
103
What is the remainder when 3219 is divided by 394?
67
What is the remainder when 37624 is divided by 75?
49
What is the remainder when 177481 is divided by 13651?
18
Calculate the remainder when 257687 is divided by 108.
107
Calculate the remainder when 2693 is divided by 8.
5
Calculate the remainder when 79939 is divided by 58.
15
Calculate the remainder when 1859 is divided by 68.
23
What is the remainder when 27739 is divided by 3960?
19
Calculate the remainder when 367174 is divided by 20.
14
Calculate the remainder when 4331 is divided by 3682.
649
What is the remainder when 39002 is divided by 7780?
102
What is the remainder when 457 is divided by 154?
149
What is the remainder when 73285 is divided by 203?
2
Calculate the remainder when 893 is divided by 170.
43
Calculate the remainder when 264379 is divided by 67.
64
Calculate the remainder when 78393 is divided by 43.
4
Calculate the remainder when 5480 is divided by 98.
90
What is the remainder when 24463 is divided by 43?
39
What is the remainder when 13336 is divided by 790?
696
What is the remainder when 410332 is divided by 12?
4
Calculate the remainder when 94557 is divided by 154.
1
What is the remainder when 263729 is divided by 99?
92
What is the remainder when 2893 is divided by 79?
49
Calculate the remainder when 5531 is divided by 345.
11
Calculate the remainder when 614097 is divided by 25.
22
Calculate the remainder when 14856 is divided by 7419.
18
Calculate the remainder when 2333 is divided by 613.
494
What is the remainder when 22979 is divided by 30?
29
What is the remainder when 2909 is divided by 265?
259
Calculate the remainder when 2631 is divided by 163.
23
Calculate the remainder when 5609 is divided by 182.
149
What is the remainder when 954 is divided by 26?
18
Calculate the remainder when 3020 is divided by 34.
28
Calculate the remainder when 861 is divided by 23.
10
What is the remainder when 1989516 is divided by 1040?
1036
What is the remainder when 14255 is divided by 4751?
2
What is the remainder when 24110 is divided by 15?
5
What is the remainder when 23201 is divided by 1578?
1109
What is the remainder when 7427 is divided by 7427?
0
What is the remainder when 100648 is divided by 110?
108
Calculate the remainder when 81971 is divided by 73.
65
What is the remainder when 6675 is divided by 2201?
72
What is the remainder when 28791 is divided by 101?
6
What is the remainder when 323132 is divided by 151?
143
What is the remainder when 617439 is divided by 163?
158
Calculate the remainder when 381099 is divided by 474.
3
What is the remainder when 1225 is divided by 49?
0
Calculate the remainder when 319855 is divided by 434.
431
What is the remainder when 31927 is divided by 101?
11
Calculate the remainder when 9019 is divided by 64.
59
Calculate the remainder when 20787 is divided by 4097.
302
What is the remainder when 176328 is divided by 56?
40
Calculate the remainder when 8619 is divided by 69.
63
Calculate the remainder when 21194 is divided by 963.
8
Calculate the remainder when 1954294 is divided by 629.
620
What is the remainder when 235928 is divided by 1685?
28
Calculate the remainder when 1125457 is divided by 375140.
37
What is the remainder when 3343 is divided by 223?
221
Calculate the remainder when 76688 is divided by 154.
150
Calculate the remainder when 319183 is divided by 22.
7
Calculate the remainder when 46531 is divided by 989.
48
What is the remainder when 296898 is divided by 60?
18
What is the remainder when 9191 is divided by 2212?
343
Calculate the remainder when 502 is divided by 56.
54
What is the remainder when 210268 is divided by 399?
394
Calculate the remainder when 219952 is divided by 390.
382
Calculate the remainder when 23048 is divided by 113.
109
What is the remainder when 6146 is divided by 16?
2
What is the remainder when 171 is divided by 33?
6
What is the remainder when 118105 is divided by 9?
7
What is the remainder when 13951 is divided by 57?
43
Calculate the remainder when 2288 is divided by 502.
280
What is the remainder when 68279 is divided by 114?
107
What is the remainder when 667323 is divided by 4069?
7
Calculate the remainder when 49724 is divided by 16552.
68
Calculate the remainder when 12074474 is divided by 35.
34
Calculate the remainder when 16649 is divided by 90.
89
Calculate the remainder when 28321 is divided by 13922.
477
What is the remainder when 899 is divided by 76?
63
What is the remainder when 3490 is divided by 44?
14
What is the remainder when 19354 is divided by 9674?
6
Calculate the remainder when 7449 is divided by 4.
1
Calculate the remainder when 1244 is divided by 64.
28
What is the remainder when 650 is divided by 220?
210
Calculate the remainder when 150818 is divided by 1197.
1193
What is the remainder when 3926 is divided by 778?
36
Calculate the remainder when 2662 is divided by 168.
142
Calculate the remainder when 79913 is divided by 16.
9
Calculate the remainder when 7074 is divided by 12.
6
What is the remainder when 3510 is divided by 3509?
1
What is the remainder when 560 is divided by 138?
8
Calculate the remainder when 41323 is divided by 13774.
1
What is the remainder when 6156606 is divided by 152?
150
What is the remainder when 15159 is divided by 42?
39
Calculate the remainder when 25240 is divided by 333.
265
Calculate the remainder when 1101 is divided by 107.
31
What is the remainder when 2663 is divided by 547?
475
Calculate the remainder when 36430 is divided by 7275.
55
Calculate the remainder when 12659 is divided by 60.
59
What is the remainder when 88552 is divided by 22134?
16
What is the remainder when 28335 is divided by 2551?
274
What is the remainder when 6563 is divided by 6456?
107
What is the remainder when 7539 is divided by 260?
259
Calculate the remainder when 15022 is divided by 48.
46
Calculate the remainder when 15762 is divided by 7877.
8
Calculate the remainder when 17553 is divided by 181.
177
What is the remainder when 17249 is divided by 69?
68
Calculate the remainder when 23171 is divided by 543.
365
What is the remainder when 2493 is divided by 388?
165
Calculate the remainder when 3482 is divided by 37.
4
What is the remainder when 4275 is divided by 1814?
647
Calculate the remainder when 23197 is divided by 163.
51
Calculate the remainder when 10655 is divided by 1155.
260
What is the remainder when 13902 is divided by 13832?
70
Calculate the remainder when 83066 is divided by 13.
9
Calculate the remainder when 4545 is divided by 1514.
3
What is the remainder when 402574 is divided by 24?
22
What is the remainder when 17267 is divided by 16?
3
What is the remainder when 3310 is divided by 249?
73
Calculate the remainder when 4119 is divided by 1914.
291
What is the remainder when 95095 is divided by 3657?
13
What is the remainder when 1843 is divided by 123?
121
Calculate the remainder when 1638 is divided by 177.
45
Calculate the remainder when 250078 is divided by 160